t is the greatest common factor of g and 11?
11
Suppose -21 - 7 = 7*f. Let w be 1/f - ((-3)/4)/3. Suppose -3*i + i - o = -37, 5*i - 2*o - 97 = w. What is the highest common factor of 19 and i?
19
Let b = 34869 - 32343. What is the greatest common factor of 42 and b?
6
Suppose 37*y = 25*y + 552. Let p = -247 - -249. What is the highest common factor of p and y?
2
Let q = -21269 + 21443. What is the highest common factor of 3016 and q?
58
Let y = -41 + 17. Let q = y - -31. Suppose -49 = -q*a - 7. What is the greatest common factor of 54 and a?
6
Let d be 6*6/72 + 910/4. Let u = d - -122. Suppose 12*f = 7*f + u. Calculate the greatest common factor of 42 and f.
14
Suppose -5*c - 6 = -2*f + 18, -5*f + 2 = 2*c. Suppose -f*d - 13 = -85. What is the highest common factor of 126 and d?
18
Let b be 2*397 - (-2)/(-2). Suppose 9*j = o + 12*j - 46, -5*o + j = -54. Calculate the highest common factor of b and o.
13
Let h(f) = -4*f**2 - 27*f + 10. Let d be h(-7). Calculate the highest common factor of 39 and d.
3
Let i be 48 - (-1 - -1)*(-3)/6. Let x = 50 - i. Suppose y = x*n + 105, -n - n = 6. What is the greatest common factor of y and 11?
11
Let q = -277 + 469. Let s(m) = 10*m**2 + 27*m - 25. Let d be s(1). What is the greatest common factor of d and q?
12
Let f = -1061 + 3388. What is the greatest common divisor of 13 and f?
13
Let a(f) = -8*f**2 + f - 2. Let r be a(5). Let v be 120/(-144) + r/(-6). Calculate the highest common factor of 8 and v.
8
Let g be 495*(22 + (-17 - 4)). What is the greatest common divisor of 10 and g?
5
Let u = 61 - 60. Let x be 282/4 - u*(-15)/10. Suppose -x = -3*m + 189. What is the greatest common divisor of 29 and m?
29
Let j(f) = -13*f**2 + 159*f - 16. Let h be j(11). Calculate the greatest common factor of 5 and h.
5
Let q(j) = j**3 + 2*j**2 + 13*j - 40. Let x be q(11). Suppose 494 = 5*f - x. What is the highest common divisor of 62 and f?
62
Let d(c) = 3*c**2 - 16*c - 48. Let l be d(-7). Let q = 122 - l. Let r = -77 - q. Calculate the highest common divisor of r and 4.
4
Let s be (-18416)/10*(-42 - -32). What is the greatest common divisor of 16 and s?
16
Let p(d) = 44*d + 42. Let v be p(2). Let t = v + -86. What is the greatest common divisor of t and 110?
22
Let w be -1 - (5 + 1) - 228. Let u = 319 + w. Calculate the highest common factor of u and 378.
42
Let r(k) = 31 - 2*k**2 + 7*k**2 + 18 - 6*k**2. Let o be r(-5). Suppose 0*z + 237 = 5*a + 3*z, 3*z - 141 = -3*a. Calculate the highest common factor of a and o.
24
Let h be 54/81 + 7/12 - (-14817)/12. What is the highest common factor of 48 and h?
12
Let s be 2/24*21*4. Let j(o) = o**2 - 5*o - 12. Let w be j(s). Suppose 4*l = -w + 74. What is the greatest common factor of l and 2?
2
Suppose -2*t = 7*u - 5*u - 214, 2*u - 2*t - 202 = 0. Suppose -4*p - u = -4*y, p - 5*p - 14 = -y. What is the greatest common divisor of 80 and y?
10
Let m be (-19020)/(-170) + 2*2/34. Suppose 5*h - 13*h + m = 0. Calculate the highest common divisor of 126 and h.
14
Suppose 4*v = 69 + 155. Suppose 4*d - 6*d = -j + v, 3*j = 4*d + 162. Calculate the greatest common divisor of j and 10.
10
Let q = 188 + -183. Suppose -4*x - 4*u = -3*u - 575, 0 = -5*x + q*u + 725. Calculate the greatest common divisor of 16 and x.
16
Let y(h) = 266*h**2 + 10*h + 11. Let t be y(-3). What is the greatest common divisor of 285 and t?
95
Let l(j) = -j**2 + 3*j - 3. Let x be l(1). Let d be 20/(-4) - x - -219. Let i = d + -153. Calculate the highest common factor of 620 and i.
62
Suppose 4*x - l = 217, -5*x + 132 = -4*l - 120. What is the highest common divisor of x and 882?
14
Let f = -66 + 77. Suppose -q = -f - 21. Suppose -u = 23 - q. What is the highest common factor of u and 18?
9
Let w be 690/180 - (-1)/6. Suppose 0 = -0*a - 4*a. Let r(g) = g + 2. Let i be r(a). What is the highest common factor of i and w?
2
Suppose -3*a + 9 = 0, -2*l + 2*a = 7*a - 49. What is the greatest common factor of l and 2839?
17
Let b(s) be the third derivative of -15*s**4/8 - s**3/6 + s**2. Let f be b(-1). Let x = -522 - -526. What is the highest common divisor of x and f?
4
Suppose 0*d - 6464 = -5*c + 4*d, 2*c + 2*d - 2600 = 0. Suppose -4*z + 192 = -5*y, -134 = -3*z + 4*y + 10. What is the greatest common factor of c and z?
48
Let f(u) = -95*u**3 + 7*u**2 + 3*u - 3. Let p be f(-1). What is the highest common factor of 57 and p?
3
Suppose -6 = -c + 29. Suppose -39 = -3*p - 3*i, -81 = -5*p + 5*i - 96. What is the greatest common divisor of c and p?
5
Let o(g) = 11*g**2 + g + 3. Let t be o(-3). Let x = t + 781. Calculate the greatest common factor of 20 and x.
20
Suppose 20*i - 3699 = -59*i - 58*i. What is the highest common factor of 3699 and i?
27
Let p(i) be the third derivative of 1/6*i**5 - 4*i**2 - 1/6*i**4 + 0*i + 1/3*i**3 + 0. Let h be p(2). Calculate the highest common divisor of 17 and h.
17
Let s be 4/(-14) - (-1 + 810/(-42)). Suppose -23*g = -s*g - 294. Calculate the highest common divisor of 28 and g.
14
Let r = 157739 + -157726. Let d = -66 + 248. Calculate the highest common divisor of r and d.
13
Let f = 200 - 53. Let l = -2766 - -2787. What is the greatest common factor of l and f?
21
Let n = 25928 + -25057. What is the greatest common divisor of n and 169?
13
Let y be (-4 - 1) + 5 - 592. Let c be ((-15)/5)/(24/y). Calculate the highest common divisor of c and 2.
2
Let z be -1*1*-15 - (-13 + 13). Suppose 168 = 29*v - z*v. Let m(g) = -g**2 + 8*g - 3. Let c be m(5). What is the highest common factor of v and c?
12
Let l(d) = d**3 + 9*d**2 - d. Let u be l(-9). Suppose -u*h + 2486 = -169. Calculate the greatest common factor of h and 59.
59
Let h(o) = -3*o**3 + 3*o**2 + 7*o. Let m be h(6). Let u = m + 905. What is the greatest common divisor of 37 and u?
37
Suppose 724 = m + 3*c, -c = 2*m - 517 - 891. What is the highest common divisor of 6350 and m?
50
Let p = -4008 - -4172. What is the greatest common factor of 3854 and p?
82
Let n = 1190 + -1171. What is the greatest common factor of 27 and n?
1
Suppose 5*n - 26 = -2*p, -7*p + 3*p = -5*n + 8. Let t(y) = 8*y**2 - 10*y + 8. Let j be t(p). Calculate the highest common factor of 225 and j.
25
Let q = 46 + -66. Let p be ((-16)/(-40))/(2/q). Let x be (42/p)/(21/(-56)). Calculate the greatest common divisor of x and 42.
14
Let j be 1 + -1 + -5 + 11 + 2. Suppose 0 = -2*s - j*s + 640. Calculate the highest common divisor of 448 and s.
64
Suppose -2*i - 3*o = -2*o - 11891, -i + 3*o + 5963 = 0. Calculate the highest common divisor of 4 and i.
4
Let v = -5594 - -7578. What is the highest common factor of 372 and v?
124
Let j = 24 - -2. Let v(f) = -f**2 + 170*f + 20. Let w be v(27). Suppose w + 1267 = 18*u. What is the highest common divisor of u and j?
26
Let k = 2979 - 2904. Calculate the greatest common divisor of k and 2150.
25
Suppose 2*k - 5*o = 7*k - 50, -2*k + 2*o = -12. Let q = -14 + k. Let f be (16/10)/(q/(-105)). What is the greatest common divisor of 7 and f?
7
Let q be -13 + 14487/22*18. Calculate the highest common factor of q and 640.
320
Let x be (-2920)/20*((-6)/(-4) + -3). Calculate the highest common factor of 69 and x.
3
Suppose -44*w = -23471 - 24445. What is the greatest common divisor of 153 and w?
9
Let f(o) = -o**2 + 7*o + 6. Let v be f(9). Suppose 23*a - 2*s - 88 = 20*a, -2*a + 2*s = -60. Let d = v + a. What is the highest common factor of 72 and d?
8
Let s = 2612 + -2589. What is the greatest common divisor of 943 and s?
23
Let r(h) = -4*h**3 - 39*h**2 + 12*h + 12. Let p be r(-10). Let o be (-10 - 451/(-44)) + (-94)/p. Calculate the highest common divisor of o and 16.
4
Suppose -5*x + 25*x - 12168 = -58*x. Calculate the greatest common factor of x and 66.
6
Suppose -5*j + z + 67 = 0, j - 3 = 3*z + 2. Let k = j + 30. Calculate the greatest common factor of 33 and k.
11
Let m = -13114 + 14121. Calculate the highest common factor of 703 and m.
19
Let k be (-5)/(30/66) + 2. Let a be (-261)/(-6) + k + (-10)/4. Calculate the greatest common factor of 64 and a.
32
Let z(y) = 7*y**3 - 2*y**2 + y. Let a be z(1). Let t = 5320 + -5302. What is the highest common divisor of a and t?
6
Let y = 1371 - -1227. Calculate the highest common factor of 6 and y.
6
Suppose 3*k - 14 = 4*m + 9, -5*m = -3*k + 25. Suppose 2*g + 5*l = 6*g - 39, -k*g - 5*l = -105. What is the gre